73307 a prime number?
False
Is 36433 composite?
False
Is 33179 a prime number?
True
Is 55753 a composite number?
True
Is 19369 prime?
False
Is 1218901 a composite number?
False
Is 66457 a composite number?
False
Is 204791 composite?
False
Is 117543 a prime number?
False
Is 13343 prime?
False
Is 257663 composite?
True
Is 310333 a prime number?
True
Is 555823 a composite number?
False
Is 363799 a prime number?
True
Is 247337 a composite number?
False
Is 592403 prime?
False
Is 42853 composite?
False
Is 2609 prime?
True
Is 17903 a composite number?
False
Is 362521 prime?
True
Is 44369 prime?
False
Is 298139 composite?
True
Is 9109 a composite number?
False
Is 7715 a prime number?
False
Is 116621 prime?
False
Is 35251 composite?
False
Is 139589 prime?
True
Is 34103 a composite number?
True
Is 7391 prime?
False
Is 95441 a composite number?
False
Is 4861 a composite number?
False
Is 622513 composite?
False
Is 196073 a composite number?
False
Is 4727761 prime?
True
Is 24233 prime?
False
Is 40538 a prime number?
False
Is 153107 a composite number?
False
Is 63521 a prime number?
True
Is 641 a prime number?
True
Is 22969 a prime number?
False
Is 7846 a composite number?
True
Is 141743 a composite number?
True
Is 11467 composite?
False
Is 14401 a prime number?
True
Is 114983 a prime number?
False
Is 13798 prime?
False
Is 130127 prime?
True
Is 15117 a prime number?
False
Is 149257 composite?
False
Is 3847 a prime number?
True
Is 8779 composite?
False
Is 14851 composite?
False
Is 11801 prime?
True
Is 3149 composite?
True
Is 1456309 a composite number?
True
Is 1169 prime?
False
Is 37429 a prime number?
False
Is 6449 composite?
False
Is 17117 a prime number?
True
Is 1267267 composite?
True
Is 15209 composite?
True
Is 48947 a composite number?
False
Is 784789 prime?
True
Is 12633 prime?
False
Is 54011 a composite number?
False
Is 76381 prime?
False
Is 400535 prime?
False
Is 329177 composite?
False
Is 83911 a prime number?
True
Is 246153 prime?
False
Is 2287 prime?
True
Is 4177 a prime number?
True
Is 137029 a composite number?
False
Is 2129069 prime?
True
Is 532523 prime?
True
Is 375745 prime?
False
Is 57899 prime?
True
Is 244259 composite?
True
Is 73517 prime?
True
Is 489061 a prime number?
True
Is 1847 prime?
True
Is 1393871 a composite number?
False
Is 82963 composite?
False
Is 12197 prime?
True
Is 84179 a composite number?
False
Is 39205 composite?
True
Is 103001 prime?
True
Is 31454 a prime number?
False
Is 55 a composite number?
True
Is 101051 composite?
False
Is 300823 composite?
False
Is 325981 a composite number?
True
Is 2819 a prime number?
True
Is 6559 prime?
False
Is 17557 composite?
True
Is 6065 composite?
True
Is 63647 composite?
False
Is 883243 prime?
False
Is 5801 prime?
True
Is 742439 composite?
False
Is 135221 composite?
False
Is 6979 composite?
True
Is 37 composite?
False
Is 270853 a prime number?
False
Is 61211 a prime number?
True
Is 102139 a prime number?
True
Is 5077 a prime number?
True
Is 331117 composite?
True
Is 6689 prime?
True
Is 89477 a composite number?
False
Is 282803 a composite number?
True
Is 234113 composite?
True
Is 18393 prime?
False
Is 227131 a composite number?
False
Is 1743526 composite?
True
Is 164569 a composite number?
False
Is 1402 composite?
True
Is 40291 composite?
True
Is 341263 a prime number?
False
Is 5051 composite?
False
Is 199451 a composite number?
True
Is 1302529 composite?
True
Is 1463549 a composite number?
True
Is 140977 a composite number?
False
Is 3601 a prime number?
False
Is 489 prime?
False
Is 145339 prime?
False
Is 377861 a composite number?
True
Is 1582919 composite?
True
Is 341449 a prime number?
False
Is 62369 a prime number?
False
Is 292933 composite?
False
Is 34141 a prime number?
True
Is 133741 prime?
False
Is 8503 a composite number?
True
Is 146105 a composite number?
True
Is 9233 a prime number?
False
Is 178681 a prime number?
True
Is 333247 prime?
False
Is 12521 composite?
True
Is 832969 prime?
True
Is 9091 a prime number?
True
Is 60487 a composite number?
True
Is 6927 a composite number?
True
Is 444253 prime?
True
Is 346903 composite?
False
Is 2128205 prime?
False
Is 3967 prime?
True
Is 6547 a composite number?
False
Is 2901341 prime?
True
Is 281411 composite?
True
Is 287633 prime?
False
Is 5257 composite?
True
Is 504389 composite?
False
Is 704083 a composite number?
True
Is 1020631 composite?
False
Is 113809 a composite number?
False
Is 135119 composite?
False
Is 18977 prime?
False
Is 17317 a prime number?
True
Is 221041 a composite number?
True
Is 67589 a composite number?
False
Is 5755 a prime number?
False
Is 439217 a composite number?
False
Is 19339 a prime number?
False
Is 93229 a composite number?
False
Is 500777 prime?
True
Is 63647 prime?
True
Is 574099 a prime number?
True
Is 518681 a prime number?
False
Is 8767 composite?
True
Is 203761 a composite number?
False
Is 64373 prime?
True
Is 2604389 prime?
False
Is 15641 composite?
False
Is 83645 a composite number?
True
Is 695917 composite?
False
Is 121229 a prime number?
True
Is 302981 a prime number?
False
Is 25183 a prime number?
True
Is 5737 composite?
False
Is 6690427 prime?
True
Is 29081 prime?
False
Is 573329 prime?
True
Is 167701 prime?
False
Is 146161 a composite number?
False
Is 60077 prime?
True
Is 1583 a composite number?
False
Is 8209 prime?
True
Is 104281 prime?
True
Is 48661 prime?
True
Is 34457 prime?
True
Is 4889 a prime number?
True
Is 22837 composite?
True
Is 227207 prime?
True
Is 22177 a composite number?
True
Is 22917 a prime number?
False
Is 32569 a prime number?
True
Is 235273 composite?
False
Is 24991 prime?
False
Is 67577 prime?
True
Is 61849 a composite number?
True
Is 4111 composite?
False
Is 787 a composite number?
False
Is 2069 composite?
False
Is 155293 composite?
True
Is 207349 prime?
False
Is 9689 prime?
True
Is 659 prime?
True
Is 26369 a composite number?
True
Is 2060841 a prime number?
False
Is 3011 a prime number?
True
Is 507491 a composite number?
False
Is 1833067 a prime number?
True
Is 311153 a prime number?
True
Is 268969 prime?
True
Is 19111 prime?
False
Is 253069 prime?
False
Is 215653 composite?
False
Is 2453 a composite number?
True
Is 96505 a prime number?
False
Is 403597 a prime number?
False
Is 10517 prime?
False
Is 270377 a composite number?
True
Is 13894 a composite number?
True
Is 25409 prime?
True
Is 3163 prime?
True
Is 175669 prime?
False
Is 10523 composite?
True
Is 71479 a prime number?
True
Is 221773 composite?
False
Is 15503 composite?
True
Is 3385 a prime number?
False
Is 87979 composite?
True
Is 3563 prime?
False
Is 420671 a prime number?
True
Is 26231 prime?
False
Is 121033 a composite number?
True
Is 7717 a composite number?
False
Is 67843 a prime number?
True
Is 3761 composite?
False
Is 17077 composite?
False
Is 30791 a composite number?
True
Is 6677 a composite number?
True
Is 4353 a prime number?
False
Is 369359 composite?
True
Is 460595 a prime number?
False
Is 3554 a prime number?
False
Is 338959 a composite number?
False
Is 28011 composite?
True
Is 2629 a prime number?
False
Is 54641 composite?
True
Is 5557 prime?
True
Is 196187 composite?
False
Is 4373509 a prime number?
False
Is 138401 a composite number?
False
Is 242485 composite?
True
Is 394073 composite?
False
Is 5437 prime?
True
Is 29527 prime?
True
Is 39359 a prime number?
True
Is 22033 prime?
False
Is 4087 a prime number?
False
Is 1481309 a composite number?
False
Is 7633 composite?
True
Is 56229 composite?
True
Is 5317 prime?
False
Is 254489 composite?
False
Is 9197 a prime number?
False
Is 100609 prime?
True
Is 5581 composite?
False
Is 106447 prime?
False
Is 58183 composite?
True
Is 349917 a composite number?
True
Is 36097 a prime number?
True
Is 2962 a composite number?
True
Is 8842 composite?
True
Is 1019 composite?
False
Is 83417 prime?
True
Is 61163 composite?
True
Is 701567 a prime number?
False
Is 540433 prime?
True
Is 61853 prime?
False
Is 29221 a prime number?
True
Is 11015 a prime number?
False
Is 359 a composite number?
False
Is 2621 a composite number?
False
Is 2809 a composite number?
True
Is 713 composite?
True
Is 44435 composite?
True
Is 507509 prime?
False
Is 705773 composite?
True
Is 302899 prime?
False
Is 2766701 composite?
True
Is 1959 a prime number?
False
Is 9391 a prime number?
True
